 -22 + 13. Let c be g(y). Let z = 280 - c. What are the prime factors of z?
2, 7, 13
Let y(r) = r**2 + 6*r - 36. Let w be y(-10). Suppose -5*g + 5*p + 1925 = 0, 2*g - w*g + 3*p = -768. What are the prime factors of g?
3, 43
What are the prime factors of (28/70 - (-121947)/45) + 3/(-9)?
2, 5, 271
Let y = -7030 - -7155. What are the prime factors of y?
5
Let i(n) = 6*n + 241. Let d be i(-40). Let o(k) = 351*k**2 + 10*k - 10. List the prime factors of o(d).
3, 13
Suppose -236 = -4*k - 36. Suppose 3*i - k = 226. Suppose 0 = -6*u + 262 + i. List the prime factors of u.
59
Let j = -506 - -253. Let a be -8 - -375 - (-4 + 1). Let b = a + j. What are the prime factors of b?
3, 13
Let a = 87403 + -35721. What are the prime factors of a?
2, 25841
Suppose 4*m = 5*w + 8*m - 104178, -4*w - 5*m = -83346. Suppose 10*n - 32*n + w = 0. List the prime factors of n.
947
Suppose 0 = -3*p - 2*w + 7*w - 55, -4*p - 76 = -4*w. What are the prime factors of ((-102)/85)/((-6)/p) + 210?
2, 103
Let o(w) = 2 - 155*w**2 + 384*w**2 + 235*w**2 + 3*w. What are the prime factors of o(-1)?
463
Let j = 314 - 324. Let d = 222 - j. List the prime factors of d.
2, 29
Suppose 2376*g = 2380*g + 2*k - 42174, 4*g + 3*k - 42165 = 0. What are the prime factors of g?
2, 3, 293
Let k(y) = 82*y + 3211. List the prime factors of k(14).
3, 1453
Let d be (-22)/(-8) + (-1 - 30/(-24)). Suppose -2*n + 2*b + 13 - 3 = 0, -15 = -4*n + d*b. Suppose n = 16*q - 7*q - 684. What are the prime factors of q?
2, 19
Let x = 9372 - 3735. What are the prime factors of x?
3, 1879
List the prime factors of (29 - 30)/(6 + 607745/(-101290)).
2, 7, 1447
Let v be (570/(-20))/19 - 14/(-4). What are the prime factors of 3 - (0/(6/v) - 75)?
2, 3, 13
Let s(r) be the third derivative of -r**6/120 - r**5/60 + r**4/24 + 59*r**3/3 - 78*r**2. List the prime factors of s(0).
2, 59
Let b(g) = -7 + 3 - 258*g - 219*g - 10 + 124*g. List the prime factors of b(-2).
2, 173
Suppose -7*a = -1727 + 5108. Let l = a - -1303. What are the prime factors of l?
2, 5, 41
Suppose 0 = 6*g - 8*g + 22. Suppose -3*t + g = 5. Let l(i) = 40*i**2 - 4*i + 2. List the prime factors of l(t).
2, 7, 11
List the prime factors of 2304 - 1 - (-144)/(16 + 2).
2311
Let v(j) = 17*j**3 + 11*j**2 + 2*j + 39. Let l be v(8). Suppose 107 = 10*n - l. What are the prime factors of n?
3, 11, 29
Suppose -4*c = 8, 2*c - 7*c + 4058 = -2*r. List the prime factors of -6 + (-2)/(12/r).
3, 37
Let n(t) = 30*t - 2. Let d be n(2). Let s = 154 + -154. Let x = d + s. List the prime factors of x.
2, 29
Suppose 0 = 97*j - 382*j + 17662020. List the prime factors of j.
2, 15493
Let p = -34119 - -48986. List the prime factors of p.
14867
Let y(t) = 12*t - 3. Let p be y(3). Let u = -29 + p. Suppose 6*x - u*x = 172. List the prime factors of x.
2, 43
Let c = -14111 - -18146. What are the prime factors of c?
3, 5, 269
Let y be 129890/130 + 2/(-13). Let l = y - 472. List the prime factors of l.
17, 31
List the prime factors of -65*(-2282)/70*1.
13, 163
What are the prime factors of (-1951319)/(-209) - 42/(-77)?
9337
Suppose -10*y + 20813 = -9*y - 5*i, 3*i + 83167 = 4*y. List the prime factors of y.
2, 5197
What are the prime factors of (-1185282)/(-115) - 18/(-15)?
2, 3, 859
Let y = 94 - 76. Let j be ((-8)/y)/(-2) + (-220)/18. What are the prime factors of (174/j)/(-1 + 33/36)?
2, 3, 29
Suppose -747 - 396 = -3*i. Suppose -i*g = -378*g - 2181. List the prime factors of g.
727
Let n(w) = w**2 + 16*w + 28. Let j be n(-14). Suppose j = -2*h - 10 - 108. Let d = -31 - h. What are the prime factors of d?
2, 7
Let u(d) = 2*d + 14. Let c be u(-6). Suppose 3*m - 885 = -3*o, 4*o - c*m - m = 1180. Let g = o + -128. List the prime factors of g.
167
Let f(p) = -46*p + 10*p - 26 + 2. Let z be f(-9). Let u = z + -168. List the prime factors of u.
2, 3, 11
Suppose 5*t - 51872 = -6*p + 142637, -t = 3*p - 97265. List the prime factors of p.
2, 3, 7, 193
Let k = -8776 - -13820. What are the prime factors of k?
2, 13, 97
Suppose -u = -1065 - 3319. Suppose u = 32*n - 24*n. List the prime factors of n.
2, 137
Suppose 11*w - w - 44100 = 0. List the prime factors of 3/4 - w/(-40).
3, 37
Let w(v) = 5*v - 63. Let s be w(7). Let o = s + 190. List the prime factors of o.
2, 3
Let f = -373 + 377. Let z(s) = 201*s - 57. What are the prime factors of z(f)?
3, 83
Suppose -i = -3*b - 21, -4*i = -0*i - 4*b - 60. List the prime factors of (3208/12)/((8/i)/1).
401
Let z(g) = 7*g + 97. Let l be z(-12). Suppose 3*b + 9600 = l*b. List the prime factors of b.
2, 3, 5
Let j = 1872 + 10418. What are the prime factors of j?
2, 5, 1229
Let z = 13 - -13. Suppose -100 = 7*o + z. Let r(l) = -l**2 - 25*l + 27. List the prime factors of r(o).
3, 17
Let i(q) = q**3 - 8*q**2 - 12*q + 22. Let l be i(9). What are the prime factors of 2 + l/2 - (-427)/2?
3, 71
List the prime factors of 16/(-24) - 743716/(-51).
2, 23, 317
Let u(w) = 2*w**2 + 22*w - 19. Let a be u(-13). Let v(m) = -3*m + 0*m + a*m**2 + 2*m - 2 + 4. What are the prime factors of v(1)?
2, 17
Suppose -24 - 1 = -5*p, 0 = 3*l + 3*p. Let r(h) = -22*h + 37. List the prime factors of r(l).
3, 7
Suppose -336 = -3*p + 7*p. Let l be (-4)/14 - 24/p. List the prime factors of l + (-530)/(-6) - 42/(-63).
89
Suppose -u + 5*s - 34 = s, -u + s - 19 = 0. What are the prime factors of (u + -2)*(-378)/56?
2, 3
Suppose 21*s - 172400 = -5*s + 16*s. What are the prime factors of s?
2, 5, 431
Suppose 2*w = -k + 6*k - 9862, 5*w = -5*k + 9855. Suppose 0*r - 1972 = -4*r - u, -2*u - k = -4*r. List the prime factors of r.
17, 29
Let n = -3100 + 9658. List the prime factors of n.
2, 3, 1093
Let j(h) be the third derivative of -h**6/120 - h**5/30 + h**4/8 - h**3 + 16*h**2. Let w be j(-5). Suppose t - 75 = w. What are the prime factors of t?
3, 43
Let y be (7 + 182/(-14))/((-3)/(-33)). Suppose -3*d + 166 = g, -5*g - d + 1116 = 272. Let l = g + y. List the prime factors of l.
103
Let t be 40/6 + 3/9. Let y(c) be the first derivative of 7*c**2/2 - 31*c - 217. List the prime factors of y(t).
2, 3
Suppose 142 + 53 = 5*i. Suppose 27*d = -35*d + 7564. Let o = i + d. What are the prime factors of o?
7, 23
Let m(x) = -2*x**2 - 2. Let n(o) = 5*o**2 - 23*o - 14. Let a(k) = 3*m(k) + n(k). List the prime factors of a(-18).
2, 5, 7
Let w = -31 - -349. Suppose q = a - q + 178, q = -2*a - 351. Let t = w + a. List the prime factors of t.
2, 71
Suppose 0 = -39*l + 120*l - 1367523. What are the prime factors of l?
16883
Suppose -4*a = -259*a - 99*a + 5016534. What are the prime factors of a?
37, 383
Let d = 7 - 34. Let z = 27 + d. Suppose z = 4*k - 2*k - 296. What are the prime factors of k?
2, 37
Let j = 15207 - 4111. List the prime factors of j.
2, 19, 73
Suppose -r = 0, 2*i = -0*i + 4*r + 4. Suppose 24 = 4*v + c, -i*v = -7*c + 2*c + 10. Let w(l) = 8*l**2 + 4. List the prime factors of w(v).
2, 3, 17
Let k = -367 - -361. Let j(l) be the first derivative of l**3/3 - l**2 + 2*l + 2. List the prime factors of j(k).
2, 5
Suppose 246 = -4*x - 146. Suppose 447 = -w + 4*w. Let t = w + x. What are the prime factors of t?
3, 17
What are the prime factors of (-76)/(-190) - ((-245646)/10 + -2)?
3, 19, 431
Suppose 122 = g - 5*t, g + 6 - 121 = -2*t. Let h = g + 17. List the prime factors of (-5)/10*18/(-3) + h.
137
Let i(p) = -p**3 + 9*p**2 + 12*p + 3. Let q be i(10). Suppose -5*x - 634 = -164. Let l = q - x. What are the prime factors of l?
3, 13
Suppose 5*t + 0*w - 9 = -4*w, -3*w = 5*t - 13. Suppose -h - 1999 = -3*i, -9*i - 5*h + 2659 = -t*i. What are the prime factors of i?
2, 3, 37
Suppose -248*g + 636815 + 9280209 = 0. List the prime factors of g.
2, 13, 769
Let g(w) = 16945*w**2 - 215*w + 433. List the prime factors of g(2).
67783
Let g(c) = 61*c**2 + 7*c + 6. Let u be g(-4). Suppose -375 = 3*o - u. Let d = o - 75. What are the prime factors of d?
2, 59
Let k(j) be the third derivative of 5*j**4/24 + 25*j**3/6 - 30*j**2. Let x be k(-10). Let m(u) = -u**2 - 31*u. List the prime factors of m(x).
2, 3, 5
Suppose -6 = -3*y + 21. Let c be (3 + -6)/(y/78). What are the prime factors of (-4989)/(-33) - (-1 + c/(-22))?
151
Suppose 651 = -2*p + 5*v + 4337, 2*p - 3670 = v. List the prime factors of p.
3, 13, 47
Suppose 0 = 4*p + 12*p - 160. Let g(m) = m**2 - 11*m + 13. Let a be g(p). Suppose -17*u = -18*u + a. List the prime factors of 